- 116. What is h(40)?
44
Let i(z) = 1223*z**2 - 12*z + 25. What is i(1)?
1236
Let d(l) = l**2 + 1871*l - 631604. Give d(292).
-8
Let f(t) = -2*t**3 + 688*t**2 + 369*t - 126920. Give f(344).
16
Let m(x) = x**3 - 5*x**2 - 316*x + 1365. Determine m(4).
85
Let j(p) = 25*p**3 + 478*p**2 - 145*p - 3835. Calculate j(-19).
3
Let k(b) = -b**2 - 147*b - 4654. Determine k(-46).
-8
Let i(f) = 105*f**2 + 1564*f + 64. What is i(-15)?
229
Let h(d) = -d**2 - 817*d - 87568. Calculate h(-127).
62
Let w(f) = -586*f + 2466. Determine w(4).
122
Let j(u) = 2*u**3 - 282*u**2 + 40. Calculate j(141).
40
Let u(n) = -n**3 - 24*n**2 - 275*n - 4113. Determine u(-20).
-213
Let l(v) = 12739*v + 75022. Calculate l(-6).
-1412
Let a(x) = -x**3 + 229*x**2 - 28*x - 45520. Give a(228).
80
Let z(p) = -p**2 - 267*p - 10586. Determine z(-41).
-1320
Let w(k) = k**3 + 31*k**2 - 133*k + 319. Give w(-36).
-1373
Let a(q) = 5*q**2 + 1502*q - 32137. Calculate a(20).
-97
Let n(q) = -15268*q + 687067. Determine n(45).
7
Let c(q) = -22027*q - 110124. Calculate c(-5).
11
Let k(l) = l**3 + 28*l**2 + 46*l - 617. Determine k(-25).
108
Let t(u) = -162*u**2 - 99*u - 210. Determine t(-2).
-660
Let s(o) = -15*o**2 + 257*o - 654. Calculate s(14).
4
Let i(c) = -80869*c + 161770. Give i(2).
32
Let l(z) = -2809*z - 60449. Give l(-21).
-1460
Let p(d) = -d**2 + 30*d + 81. Calculate p(-5).
-94
Let z(i) = -345528*i + 2073157. What is z(6)?
-11
Let j(o) = o**3 + 55*o**2 + 778*o + 680. What is j(-25)?
-20
Let i(q) = -184*q + 17515. Determine i(95).
35
Let v(s) = -s**3 + 230*s**2 - 2744*s + 27911. Determine v(218).
7
Let o(g) = -4*g**3 - 943*g**2 - 711*g - 1297. What is o(-235)?
113
Let u(w) = 16*w**2 + 234*w - 6385. Determine u(14).
27
Let y(n) = -71*n**2 + 16614*n - 73. Give y(234).
-73
Let b(w) = -28*w**2 - 4385*w - 2586. What is b(-156)?
66
Let k(j) = -73771*j - 516008. Calculate k(-7).
389
Let a(u) = -4*u**3 + 1505*u**2 - 6220*u - 38687. Determine a(372).
1
Let j(u) = u**2 - 141*u + 4708. Calculate j(86).
-22
Let n(k) = -k**3 + 27*k**2 + 345*k + 99. Give n(-9).
-90
Let m(s) = -6134*s + 252164. Give m(41).
670
Let o(n) = -6*n**2 + 1765*n + 80239. Calculate o(-40).
39
Let o(f) = 112*f - 1056. Determine o(8).
-160
Let f(r) = r**3 - 2*r**2 + 157*r + 475. What is f(-3)?
-41
Let a(w) = -9*w**3 + 234*w**2 + 228*w - 5928. Calculate a(26).
0
Let m(g) = 31335*g - 971369. What is m(31)?
16
Let f(a) = a**3 + 43*a**2 + 23*a + 4864. Determine f(-45).
-221
Let b(u) = u**3 + 207*u**2 + 594*u - 3660. Give b(-204).
12
Let x(z) = -3*z**3 - 71*z**2 + 102*z + 1263. Calculate x(-24).
-609
Let c(d) = -254*d - 24423. Calculate c(-96).
-39
Let v(d) = -15*d**2 + 2311*d + 32576. What is v(-13)?
-2
Let x(w) = -4*w**2 - 776*w + 127183. Give x(-300).
-17
Let b(g) = 46*g**3 - 46*g**2 + 14*g + 17. Calculate b(-2).
-563
Let c(u) = u**3 + 17*u**2 + 60*u + 993. What is c(-17)?
-27
Let b(s) = -470*s - 19182. What is b(-41)?
88
Let b(t) = 21939*t + 65730. Calculate b(-3).
-87
Let p(k) = -2*k**2 + 5135*k - 3296047. Calculate p(1285).
-22
Let n(g) = 6*g**3 - 307*g**2 + 38*g + 10. What is n(0)?
10
Let h(g) = -116*g**3 + 1670*g**2 - 645*g - 61. Determine h(14).
-75
Let b(n) = -n**3 - 8*n**2 + 620*n + 318. Calculate b(-29).
-1
Let r(p) = -2*p**2 - 966*p - 36236. Determine r(-41).
8
Let m(z) = 6223*z - 81068. What is m(13)?
-169
Let j(b) = 33*b**2 + 7387*b - 8576. What is j(-225)?
-26
Let v(s) = 11*s**2 + 76*s + 236. Give v(-3).
107
Let p(f) = f**2 + 79*f - 164. Determine p(2).
-2
Let n(i) = 21599*i - 431988. Give n(20).
-8
Let q(r) = r**3 + 21*r**2 + 16*r - 81. What is q(-16)?
943
Let j(z) = 9*z**3 + 793*z**2 - 2490*z - 226865. Give j(-88).
-1
Let q(x) = -22388*x + 89390. Determine q(4).
-162
Let y(c) = 9*c**2 - 434*c + 960. Calculate y(46).
40
Let c(g) = 8881*g - 52512. Determine c(6).
774
Let g(f) = 151*f**2 - 1351*f + 2739. What is g(2)?
641
Let w(t) = 25*t**2 - 437*t + 1746. Give w(4).
398
Let m(j) = -3*j**2 - 46*j + 6277. Calculate m(-54).
13
Let s(r) = r**2 - 12400*r + 6393088. Give s(539).
9
Let q(k) = 2*k**2 + 180*k - 6624. Calculate q(-115).
-874
Let v(f) = -f**3 - 131*f**2 - 1420*f + 142. Calculate v(-12).
46
Let r(v) = -2*v**2 - 278*v - 8194. Give r(-97).
-46
Let t(z) = 12116*z + 218032. Calculate t(-18).
-56
Let w(b) = -4*b**2 - 907*b + 23061. Give w(25).
-2114
Let m(d) = 31*d**2 + 4958*d - 385. Give m(-160).
-65
Let p(f) = -f**3 + 72*f**2 - 1191*f - 119. Calculate p(26).
11
Let o(p) = -p**3 - 684*p**2 - 2733*p - 8831. What is o(-680)?
9
Let d(a) = -a**3 - 80*a**2 + 63*a + 17. What is d(0)?
17
Let m(g) = -4*g**3 + 4*g**2 + 246*g + 235. Give m(-1).
-3
Let v(h) = h**3 - 141*h**2 + 881*h - 27395. Determine v(136).
-59
Let n(u) = -u**3 - 51*u**2 - 241*u + 837. What is n(-8)?
13
Let x(t) = 125343*t + 2256180. Determine x(-18).
6
Let f(u) = 597*u - 158233. Calculate f(265).
-28
Let q(p) = -p**3 - 80*p**2 - 1236*p + 34. Calculate q(-21).
-29
Let a(w) = 30*w**2 - 13265*w - 11080. Give a(443).
-5
Let f(g) = 1094*g + 16326. What is f(-15)?
-84
Let b(u) = -234852*u + 44. Calculate b(0).
44
Let r(i) = -i**3 - 322*i**2 + 123077*i + 1102. What is r(-547)?
8
Let v(f) = f**3 - 51*f**2 + 2056*f - 46341. What is v(32)?
-5
Let n(s) = s**2 + 109*s + 594. Give n(-129).
3174
Let q(z) = 4*z**3 + 18*z**2 - 238*z - 1550. Give q(-6).
-338
Let b(f) = -5018*f**2 + 868115*f - 164. Determine b(173).
9
Let r(o) = -9*o**2 - 7496*o - 102362. Calculate r(-819).
13
Let v(r) = -5*r**3 + 441*r**2 + 567*r - 57635. Determine v(88).
5
Let a(m) = -170155*m + 22970918. Give a(135).
-7
Let n(v) = 2406*v**2 - 7217*v - 28. Give n(3).
-25
Let t(u) = u**3 + 121*u**2 + 2412*u + 165. What is t(-96)?
-987
Let l(d) = 619*d - 825. Determine l(3).
1032
Let f(v) = 3692*v - 302511. Calculate f(82).
233
Let x(w) = 23*w**3 + 105*w**2 - 50*w. Calculate x(-6).
-888
Let r(s) = -6441*s + 933950. Calculate r(145).
5
Let j(f) = f**3 - 234*f**2 + 7134*f - 1172. Calculate j(198).
16
Let f(w) = 54858*w - 109716. Give f(2).
0
Let w(x) = 133*x**2 + 1849*x + 1850. Determine w(-1).
134
Let t(o) = -2*o**3 + 2*o**2 - 808*o + 1610. Give t(2).
-14
Let r(s) = -314*s**2 + 31139*s - 5259. Determine r(99).
-12
Let g(o) = o**3 + 539*o**2 - 6182*o - 3046674. What is g(-540)?
6
Let y(d) = 4*d**2 - 249*d - 984. Determine y(66).
6
Let x(m) = -29*m**2 + 1797*m + 114. Determine x(62).
52
Let y(n) = 12*n**2 + 587*n - 2551. What is y(4)?
-11
Let g(u) = -u**2 - 31*u + 46615. Calculate g(201).
-17
Let t(c) = -229*c**3 - 32059*c**2 + 138*c - 269. Give t(-140).
11
Let g(o) = 497714*o + 995424. What is g(-2)?
-4
Let x(n) = -126985*n + 1269855. Determine x(10).
5
Let n(d) = -6*d**3 - 3*d**2 - 490*d + 1473. What is n(3)?
-186
Let g(x) = -x**2 + 150310*x - 751526. Calculate g(5).
-1
Let n(j) = -3340*j + 1957231. Give n(586).
-9
Let p(a) = 20*a**3 + 965*a**2 - 3891*a + 458. Determine p(-52).
-10
Let t(v) = 5*v**2 - 1610*v - 43393. Give t(347).
-18
Let p(f) = -2*f**2 + 167*f - 1526. Determine p(85).
-1781
Let t(x) = 2179*x - 2663. What is t(1)?
-484
Let c(r) = 602*r + 156612. What is c(-260)?
92
Let c(a) = -a**2 + 2403*a + 9614. What is c(-4)?
-14
Let b(q) = -2*q**3 - 1084*q**2 - 3218*q + 8637. What is b(-539)?
13
Let x(d) = 16*d - 1442. Calculate x(89).
-18
Let k(m) = 44*m**2 - 2798*m - 11907. What is k(-4)?
-11
Let x(c) = -c**3 - 4*c**2 + 29*c + 27. Calculate x(-8).
51
Let a(t) = 1971*t - 662275. Give a(336).
-19
Let i(b) = -2*b - 50. What is i(235)?
-520
Let r(x) = x**3 + 2*x**2 - 1965*x + 18449. Give r(10).
-1
Let q(j) = 10*j**2 - 2611*j - 252080. Give q(-75).
-5
Let p(i) = 9562*i + 3671789. What is p(-384)?
-19
Let c(w) = -7*w**3 - 10*w**2 + 16*w + 58. Calculate c(3).
-173
Let d(u) = -u**3 - 211*u**2 + 23651*u - 301. What is d(-292)?
-9
Let f(t) = -2*t**2 + 160*t - 662. What is f(76)?
-54
Let t(p) = 4115*p + 559629. What is t(-136)?
-11
Let f(t) = 7096*t**2 - 28396*t - 19. Calculate f(4).
-67
Let h(p) = -5*p**3 - 47*p**2 - 27*p - 51. What is h(-8)?
-283
Let s(n) = 43*n**3 - 2994*n**2 - 1109*n - 767. Give s(70).
3
Let m(b) = 137*b**2 - 19322*b + 475. Determine m(141).
-230
Let o(d) = 2*d**3 + 171*d**2 + 2915*d - 99. Give o(-62).
-161
Let o(r) = -r**3 - 218*r**2 + 2010*r + 290. Determine o(9).
-7
Let j(n) = n**3 + 100*n**2 - 3764*n - 2992. Determine j(-129).
-25
Let v(r) = 647*r + 136122. Give v(-210).
252
Let d(b) = 2*b**